{"id":205,"date":"2025-05-29T10:40:53","date_gmt":"2025-05-29T10:40:53","guid":{"rendered":"https:\/\/kpkk.hkdrustvo.hr\/?page_id=205"},"modified":"2025-07-21T11:12:45","modified_gmt":"2025-07-21T11:12:45","slug":"markic-cucukovic-ljerka-1919-1997","status":"publish","type":"page","link":"https:\/\/kpkk.hkdrustvo.hr\/index.php\/markic-cucukovic-ljerka-1919-1997\/","title":{"rendered":"MARKI\u0106-\u010cU\u010cUKOVI\u0106, Ljerka (1919. &#8211; 1997.)"},"content":{"rendered":"<figure class=\"wp-block-image size-full\"><img loading=\"lazy\" decoding=\"async\" width=\"120\" height=\"164\" src=\"https:\/\/kpkk.hkdrustvo.hr\/wp-content\/uploads\/2025\/05\/ljerka-1.png\" alt=\"\" class=\"wp-image-206\"\/><\/figure><p><strong>Biografija<\/strong><\/p><p>K\u0107i \u0161umarskoga stru\u010dnjaka M. Marki\u0107a. Gimnaziju zavr\u0161ila u Beogradu 1938, pravo doktorirala rigorozom u Zagrebu 1946. U Zagrebu studirala engleski i francuski jezik na Filozofskom fakultetu te magistrirala 1967. na poslijediplomskom studiju bibliotekarstva, dokumentacije i informacijskih znanosti na PMF. Bila od 1946. redaktorica u Izdava\u010dkom poduze\u0107u \u00bbKultura\u00ab, od 1949. knji\u017eni\u010darka u knji\u017enici \u0160kole narodnog zdravlja \u00bbAndrija \u0160tampar\u00ab \u2013 koju je, unaprijediv\u0161i klasifikaciju i katalogizaciju, ustrojila kao uzornu stru\u010dnu medicinsku knji\u017enicu \u2013 te izvanredna profesorica na studiju bibliotekarstva (u osnivanju kojega je sudjelovala) na Filozofskom fakultetu u Zagrebu od 1977. do umirovljenja 1985. Predavala i na poslijediplomskim studijima Medicinskoga fakulteta i Referalnoga centra Sveu\u010dili\u0161ta u Zagrebu. Usavr\u0161ivala se u 1950-ima u Velikoj Britaniji, \u0160vicarskoj i Francuskoj (stipendistica SZO), u 1960-ima u SAD, Danskoj i Nizozemskoj. O povijesti hrvatskoga bibliotekarstva, specijalnim knji\u017enicama, osobito medicinskima, organizaciji bibliote\u010dnih sustava, slu\u017eenju literaturom i ulozi ra\u010dunala u znanstvenom radu, dostupnosti publikacija i bibliotekarskoj izobrazbi pisala u periodicima&nbsp;<em>Vjesnik bibliotekara Hrvatske<\/em>&nbsp;(1958\u201360, 1965\u201366, 1968\u201372, 1974\u201375, 1977\u201381, 1983\u201386, 1988),&nbsp;<em>Zdravstvene novine<\/em>&nbsp;(1963),&nbsp;<em>Vijesti muzealaca i konzervatora Hrvatske<\/em>&nbsp;(1968),&nbsp;<em>Lije\u010dni\u010dki vjesnik<\/em>&nbsp;(1971),&nbsp;<em>Biblos<\/em>&nbsp;(Be\u010d 1978) i&nbsp;<em>Informatologia Yugoslavica<\/em>&nbsp;(1984) te u izdanju&nbsp;<em>Primjena elektroni\u010dkih ra\u010dunala u zdravstvu<\/em>&nbsp;(Zagreb 1971). Sastavila skripta&nbsp;<em>Znanstvena literatura i metode njena kori\u0161tenja<\/em>&nbsp;(Zagreb 1976). Sura\u0111ivala u&nbsp;<em>Medicinskoj enciklopediji<\/em>&nbsp;LZ. Bila predsjednica Saveza dru\u0161tava bibliotekara Jugoslavije 1969\u201371. Prate\u0107i suvremene svjetske smjernice u razvoju bibliotekarstva i ra\u010dunalstva, pridonijela stru\u010dnomu i znanstvenomu utemeljenju hrvatskoga bibliotekarstva (osobito u dijelu koji se odnosi na specijalne knji\u017enice) i bibliotekarske izobrazbe. Dobila Kukuljevi\u0107evu povelju 1978. Na katedri za bibliotekarstvo Filozofskoga fakulteta u Zagrebu od 1997. djeluje po njoj nazvana zaklada koja promi\u010de studij i struku bibliotekarstva; na Fakultetu joj je postavljeno poprsje u bronci 2002 (A. Despot). Uz obljetnicu ro\u0111enja posve\u0107eni su joj skup i izlo\u017eba (Karlovac 2019).<\/p><p><strong>Izvori<\/strong><\/p><p>Ljerka Marki\u0107-\u010cu\u010dukovi\u0107. Vjesnik bibliotekara Hrvatske, 29(1986) 1\/4, str. 155\u2013156. <\/p><p>&nbsp;<em>A. Horvat:<\/em>&nbsp;(Nekrolog). Novi list, 51(1997) 19. VI, str. 13. <\/p><p>Spomenica prof. dr. Ljerki Marki\u0107-\u010cu\u010dukovi\u0107 1919\u20131997. Vjesnik bibliotekara Hrvatske, 40(1997) 1\/2, str. 2\u201318. <\/p><p> Hrvatsko knji\u017eni\u010darsko dru\u0161tvo 1940\u20132000. Zagreb 2000, 151. <\/p><p><em>M. Juri\u0161i\u0107:<\/em>&nbsp;Hrvatska ima \u0161to ni Europa nema. Ve\u010dernji list, 47(2004) 10. II, str. 37. <\/p><p><em>A. Horvat:<\/em>&nbsp;Godine kad se stvaralo suvremeno knji\u017eni\u010darstvo. Dr. Ljerka Marki\u0107-\u010cu\u010dukovi\u0107 kao u\u010diteljica i inspiratorica. Kalibar, 7(2018) 2, str. 20\u201322. <\/p><p><em>L. Machala Popla\u0161en:<\/em>&nbsp;Profesionalno djelovanje dr. Ljerke Marki\u0107-\u010cu\u010dkovi\u0107 u Knji\u017enici \u00bbAndrija \u0160tampar\u00ab. Ibid., str. 24\u201328.&nbsp;<\/p><p><em>K. \u0160venda-Radeljak:<\/em>&nbsp;Obrazovanje i status knji\u017eni\u010dara u Hrvatskoj do uvo\u0111enja studija bibliotekarstva. Zagreb 2018, 98, 124, 155, 157, 163\u2013164, 169, 234\u2013241, 298.<\/p><p>Ana \u0160eparovi\u0107 (2023)<\/p><p>MARKI\u0106-\u010cU\u010cUKOVI\u0106, Ljerka.&nbsp;<em>Hrvatski biografski leksikon (1983\u20132024), mre\u017eno izdanje.<\/em>&nbsp;Leksikografski zavod Miroslav Krle\u017ea, 2025. Pristupljeno 28.4.2025. &lt;https:\/\/hbl.lzmk.hr\/clanak\/markic-cucukovic-ljerka&gt;.<\/p>","protected":false},"excerpt":{"rendered":"<p>Biografija K\u0107i \u0161umarskoga stru\u010dnjaka M. Marki\u0107a. Gimnaziju zavr\u0161ila u Beogradu 1938, pravo doktorirala rigorozom u Zagrebu 1946. U Zagrebu studirala engleski i francuski jezik na Filozofskom fakultetu te magistrirala 1967. na poslijediplomskom studiju bibliotekarstva, dokumentacije i informacijskih znanosti na PMF. Bila od 1946. redaktorica u Izdava\u010dkom poduze\u0107u \u00bbKultura\u00ab, od 1949. knji\u017eni\u010darka u knji\u017enici \u0160kole narodnog [&hellip;]<\/p>\n","protected":false},"author":1,"featured_media":0,"parent":0,"menu_order":0,"comment_status":"closed","ping_status":"closed","template":"","meta":{"footnotes":""},"class_list":["post-205","page","type-page","status-publish","hentry"],"_links":{"self":[{"href":"https:\/\/kpkk.hkdrustvo.hr\/index.php\/wp-json\/wp\/v2\/pages\/205","targetHints":{"allow":["GET"]}}],"collection":[{"href":"https:\/\/kpkk.hkdrustvo.hr\/index.php\/wp-json\/wp\/v2\/pages"}],"about":[{"href":"https:\/\/kpkk.hkdrustvo.hr\/index.php\/wp-json\/wp\/v2\/types\/page"}],"author":[{"embeddable":true,"href":"https:\/\/kpkk.hkdrustvo.hr\/index.php\/wp-json\/wp\/v2\/users\/1"}],"replies":[{"embeddable":true,"href":"https:\/\/kpkk.hkdrustvo.hr\/index.php\/wp-json\/wp\/v2\/comments?post=205"}],"version-history":[{"count":2,"href":"https:\/\/kpkk.hkdrustvo.hr\/index.php\/wp-json\/wp\/v2\/pages\/205\/revisions"}],"predecessor-version":[{"id":239,"href":"https:\/\/kpkk.hkdrustvo.hr\/index.php\/wp-json\/wp\/v2\/pages\/205\/revisions\/239"}],"wp:attachment":[{"href":"https:\/\/kpkk.hkdrustvo.hr\/index.php\/wp-json\/wp\/v2\/media?parent=205"}],"curies":[{"name":"wp","href":"https:\/\/api.w.org\/{rel}","templated":true}]}}