{"id":422,"date":"2025-10-30T09:50:25","date_gmt":"2025-10-30T09:50:25","guid":{"rendered":"https:\/\/kpkk.hkdrustvo.hr\/?page_id=422"},"modified":"2026-04-28T08:50:48","modified_gmt":"2026-04-28T08:50:48","slug":"anzulovic-neda-1921-2020","status":"publish","type":"page","link":"https:\/\/kpkk.hkdrustvo.hr\/index.php\/anzulovic-neda-1921-2020\/","title":{"rendered":"ANZULOVI\u0106, Neda (1921. &#8211; 2020.)"},"content":{"rendered":"<p><strong><img loading=\"lazy\" decoding=\"async\" class=\"alignnone size-full wp-image-526\" src=\"https:\/\/kpkk.hkdrustvo.hr\/wp-content\/uploads\/2026\/04\/neda-anzulovic.png\" alt=\"\" width=\"111\" height=\"126\" \/><\/strong><\/p>\r\n<p><strong>Biografija<\/strong><\/p><p>Neda Anzulovi\u0107 ro\u0111ena je 1921. godine u Arbanasima kod Zadra, a preminula 2020. godine u Zadru. Svoj je profesionalni vijek knji\u017eni\u010darke u cjelini posvetila radu u knji\u017enici Arheolo\u0161kog muzeja u Splitu. Tamo se zaposlila 1950. godine i radila do do mirovine 1983. godine. Studiraju\u0107i uz rad, godine 1971. zavr\u0161ava studij hrvatskosrpskog jezika i knji\u017eevnosti, a 1976. arheologiju. . Kroz desetlje\u0107a samostalnog rada uspjela je znatno obogatiti i pove\u0107ati fond te vrijedne knji\u017enice. Ujedno je unaprijedila sustave \u010duvanja i za\u0161tite gra\u0111e. Osim rada u svojoj knji\u017enici, pomagala je drugim knji\u017enicama u Splitu prilikom osnivanja ili sre\u0111ivanja knji\u017enih fondova. Tako je knji\u017enici Pravnog fakulteta u Splitu pomagala prilikom katalogizacije fonda, knji\u017enici Vi\u0161e ekonomske \u0161kole pri njezinu osnivanju, a Knji\u017enici Garanjin-Fanfonja pri sre\u0111ivanju cjelokupnog fonda. <br \/>Sredi\u0161nje mjesto njenog profesionalnog interesa \u010dine bibliografije koje je objavljivala u glasilima sa podru\u010dja arheologije, knji\u017eni\u010darstva i povijesti, jer su i bibliografije bile raznih vrsta. Priredila je i knjigu o zna\u010dajnom splitskom knji\u017eni\u010daru Hrvoju Morovi\u0107u, za koju je odabrala i uredila tekstove, napisala predgovor i izradila bibliografiju i kazalo. Sura\u0111ivala je i u Leksikografskom zavodu naro\u010dito u razdoblju 1956.-1963., popisuju\u0107i \u010dlanke iz periodi\u010dnih publikacija u splitskim knji\u017enicama. <br \/>Od ulaska u profesiju, 1950. godine, aktivna je \u010dlanica Dru\u0161tva knji\u017eni\u010dara Split. Ve\u0107 1953. postaje, umjesto Hrvoja Morovi\u0107a povjerenik za Dru\u0161tvo prema HKD-u u godinama 1953.-54., 1959.-1960., 1962.-1963., 1963.-1965. Iako broj\u010dano mala splitska podru\u017enica bila je jedna od najaktivnijih izme\u0111u ostalog zahvaljuju\u0107i i radu Nede Anzulovi\u0107. Za \u010dlanove se organiziraju mnoga stru\u010dna predavanja i seminari. Vezano uz taj aspekt knji\u017eni\u010darskih aktivnosti, glavni je organizator Savjetovanja DBH godine 1966. I XXI skup\u0161tine HBD-a u Splitu 1977. godine. Osim funkcije povjerenika, Neda Anzulovi\u0107 je godinama nakon toga obna\u0161ala du\u017enost tajnice podru\u017enice. Kada se 1975. izvr\u0161io preustoj HKD-a, podru\u017enice su postale samostalan regionalna dru\u0161tva, a Neda Anzulovi\u0107 je njegova predsjednica 1975.-1977. godine. Vezano uz aktivnosti u Dru\u0161tvu, va\u017eno je jo\u0161 spomenuti da je bila i prva urednica Glasnika Dru\u0161tva bibliotekara Split, koji po\u010dinje izlaziti 1990. godine. Izme\u0111u ostalog zahvaljuju\u0107i i njenom entuzijazmu, \u010dasopis je uspio odr\u017eati kontinuitet izla\u017eenja do danas. <br \/>U mirovinu je oti\u0161la u zvanju vi\u0161eg knji\u017eni\u010dara, a za svoj trud i aktivnosti na unapre\u0111enju knji\u017eni\u010darstva, godine 1988. Dodijeljena joj je \u201eKukuljevi\u0107eva povelja.\u201c<br \/>Nakon odlaska u mirovinu i dalje aktivno objavljuje, posebice gra\u0111u koja se bavi kulturnom povijesti Splita i njegove okolice. Bila je aktivna \u010dlanica \u201eDru\u0161tva knji\u017eni\u010dara Split.\u201c<\/p><p><strong>Bibliografija<\/strong><br \/><br \/><\/p>\r\n<p>Anzulovi\u0107, Neda. Bibliografija knjiga, \u010dlanaka i recenzija o arheologiji, povijesti i povijesti umjetnosti Dalmacije zaklju\u010dno do XV. stolje\u0107a \/\/ Vjesnik za arheologiju i historiju dalmatinsku, 1952.-1988.<\/p>\r\n<p>Anzulovi\u0107, Neda. Vjekoslav Kaleb. (Bibliografija 1937-1970) \/\/ Mogu\u0107nosti 1972. 1-20 str.<\/p>\r\n<p>Anzulovi\u0107, Neda. Bibliografija o Naroni \/\/ Dolina rijeke Neretve od prethistorije do ranog srednjeg vijeka. Znanstveni skup. \/ Metkovi\u0107, 4.7.10.1977. Str. 295-308.<\/p>\r\n<p>Anzulovi\u0107, Neda. Biblioteka Arheolo\u0161kog muzeja u Splitu \/\/ 100 godina Vjesnika za arheologiju i historiju dalmatinsku. Izlo\u017eba Arheolo\u0161kog muzeja u Splitu. Split, 1979.<\/p>\r\n<p>Anzulovi\u0107, Neda. Rad Grge Novaka u Arheolo\u0161kom muzeju u Splitu \/\/ Vjesnik za arheologiju i historiju dalmatinsku, 57\/58(1979), 221-235.<\/p>\r\n<p>Anzulovi\u0107, Neda. O historijatu gradnje Arheolo\u0161kog muzeja u Splitu \/\/ Vjesnik za arheologiju i historiju dalmatinsku, 75 (1981), 163-206.<\/p>\r\n<p>Anzulovi\u0107, Neda. Bibliografija novinskih \u010dlanaka Hrvoja Morovi\u0107a (1947-1977) \/\/ \u010cakavska ri\u010d, 1\/2, (1983.),7-9.<\/p>\r\n<p>Anzulovi\u0107, Neda. Don Frane Buli\u0107 i solinski Tuskulum \/\/ Kulturna ba\u0161tina, 11, 15(1984), 15-30.<\/p>\r\n<p>Anzulovi\u0107, Neda. Splitski bibliotekari u Londonu \/\/ BIS-bilten Nacionalne i sveu\u010dili\u0161ne biblioteke, 13-14 (17-18)1984, 28-30.<\/p>\r\n<p>Anzulovi\u0107, Neda. Postanak i razvoj biblioteke Arheolo\u0161kog muzeja u Splitu \/\/ Vjesnik za arheologiju i historiju dalmatinsku, 78 (1985), 151-212.<\/p>\r\n<p>Anzulovi\u0107, Neda. Hrvoje Morovi\u0107 (1912-1983) \/\/ Zadarska revija, 35, 2\/3(1985), 171-177.<\/p>\r\n<p>Anzulovi\u0107, Neda. Buli\u0107ev udio u objavljivanju nekih zna\u010dajnijih djela iz podru\u010dja arheologije, kulturne i crkvene povijesti Dalmacije \/\/ Vjesnik za arheologiju i historiju dalmatinsku, 79 (1986), 153-166.<\/p>\r\n<p>Anzulovi\u0107, Neda. Bibliografija radova don Lovre Kati\u0107 (1902-1976) \/\/ Vjesnik za arheologiju i historiju dalmatinsku, 80 (1987), 79-92.<\/p>\r\n<p>Anzulovi\u0107, Neda. O diobi biblioteke i pisane ostav\u0161tine don \u0160ime Ljubi\u010di\u0107a. Prilozi povijesti otoka Hvara \/\/ Hvar, 7(1987), 3-9.<\/p>\r\n<p>Anzulovi\u0107, Neda. Bibliografija \u201eMogu\u0107nosti\u201c 1984-1993. Split : Knji\u017eevni krug, 1988. Str. 80.<\/p>\r\n<p>Anzulovi\u0107, Neda. Bibliografija radova Hrvoja Morovi\u0107a i prikazi i ocjene njegovih radova \/\/ Hrvoje Morovi\u0107, Izbor iz djela \/ uredila Neda Anzulovi\u0107. \/ Split : Knji\u017eevni krug, 1988. Str. 46-59.<\/p>\r\n<p>Anzulovi\u0107, Neda. Iz bibliografije o \u201eJuditi\u201c. \/\/ Marko Maruli\u0107. Judita. Split : Knji\u017eevni krug, 1988. Str. 97-108.<\/p>\r\n<p>Anzulovi\u0107, Neda. Medicinske knjige u privatnim i crkvenim bibliotekama grada Trogira i srednje Dalmacije \/\/ Acta historire medicinae, stomatologiae, pharmaciae, medicinae veterinae, 26, 1\/2(1988), 55-67.<\/p>\r\n<p>Anzulovi\u0107, Neda. (ur.) Niko Dubokovi\u0107 . Rasprave i \u010dlanci, I. Split : vl. Naklada, 1988.<\/p>\r\n<p>Anzulovi\u0107, Neda. O \u201eprethistoriji\u201c Hrvatskog bibliotekarskog dru\u0161tva \/\/ Glasnik Dru\u0161tva bibliotekara Split, 1(1989), 3-12.<\/p>\r\n<p>Anzulovi\u0107, Neda. Arhivska gra\u0111a o biblioteci Arheolo\u0161kog muzeja u Splitu \/\/ Gra\u0111a za <br \/>i prilozi za povijest Dalmacije, 11(1990), 217-226.<\/p>\r\n<p>Anzulovi\u0107, Neda. O prvoj javnoj biblioteci u gradu Splitu \/\/ Glasnik Dru\u0161tva bibliotekara Split, 2(1991), 17-19.<\/p>\r\n<p>Anzulovi\u0107, Neda. Bibliografija radova Vladimira Rismonda (1919-1991) \/\/ Mogu\u0107nosti, 34, 8\/10 (1992), 595-607.<\/p>\r\n<p>Anzulovi\u0107, Neda. O biblioteci Petra Hektrovi\u0107a (1487-1572) i Petra Nisitea (1775-1866) u Starom gradu na Hvaru \/\/ Prilozi povijesti umjetnosti u Dalmaciji 33(1992), 529-540.<\/p>\r\n<p>Anzulovi\u0107, Neda. Periodi\u010dna izdanja objavljivana u Splitu od 1820. do 1918. godine \/\/ Tiskarska i izdava\u010dka djelatnost u Splitu 1812-1918. Split : Sveu\u010dili\u0161na knji\u017enica, 1992. Str. 29-43.<\/p>\r\n<p>Anzulovi\u0107, Neda. Pregled izlo\u017ebi knjiga odr\u017eanih u vrijeme \u201eKnjige Mediterana\u201c u Splitu 1992. do 1993. Godine \/\/ Glasnik Dru\u0161tva bibliotekara Split 3(1994), 108-113.<\/p>\r\n<p>Anzulovi\u0107, Neda. Bibliografija o Gotima u Hrvatskoj i susjednim zemljama. \/\/ Zbornik Hrvati i Goti. Split : IBERIA, 1996. Str. 227-264.<\/p>\r\n<p><strong>Izvori\u00a0<\/strong><br \/>Ur. Neda Anzulovi\u0107 \/\/ Vjesnik bibliotekara Hrvatske, 27, 1\/4(1983-84), 153-155.<\/p>\r\n<p>Ur. Neda Anzulovi\u0107 \/\/ Vjesnik bibliotekara Hrvatske, 31, 1\/4(1988), 228.<\/p>\r\n<p>Bibliografije \u010dlanova Dru\u0161tva : Neda Anzulovi\u0107 \/\/ Glasnik Dru\u0161tva bibliotekara Split, 4(1996), 103-109.<\/p>\r\n<p>Se\u010di\u0107, Dora. Dobitnici Kukuljevi\u0107eve povelje \/\/ Hrvatsko knji\u017eni\u010darsko dru\u0161tvo 14.III. 1940. \u2013 14. III. 2000. : spomenica \/ ur. Daniela \u017divkovi\u0107\u2026\/et al.\/ Zagreb : Hrvatsko knji\u017eni\u010darsko dru\u0161tvo, 2000., str. 133.<\/p><p>\u0160venda-Radeljak, Ksenija. Obrazovanje i status knji\u017eni\u010dara u Hrvatskoj do uvo\u0111enja studija bibliotekarstva. Zagreb: Sveu\u010dili\u0161te u Zagrebu Pravni fakultet, 2018. Str. 251-252.<\/p>\r\n<p>Brbora, Sanja. Neda Anzulovi\u0107: In memoriam \/\/ Glasnik Dru\u0161tva bibliotekara Split 16 &#8211; 17\/(2018. \u2013 2022), 161.<\/p>","protected":false},"excerpt":{"rendered":"<p>Biografija Neda Anzulovi\u0107 ro\u0111ena je 1921. godine u Arbanasima kod Zadra, a preminula 2020. godine u Zadru. Svoj je profesionalni vijek knji\u017eni\u010darke u cjelini posvetila radu u knji\u017enici Arheolo\u0161kog muzeja u Splitu. Tamo se zaposlila 1950. godine i radila do do mirovine 1983. godine. Studiraju\u0107i uz rad, godine 1971. zavr\u0161ava studij hrvatskosrpskog jezika i knji\u017eevnosti, [&hellip;]<\/p>\n","protected":false},"author":1,"featured_media":0,"parent":0,"menu_order":0,"comment_status":"closed","ping_status":"closed","template":"","meta":{"footnotes":""},"class_list":["post-422","page","type-page","status-publish","hentry"],"_links":{"self":[{"href":"https:\/\/kpkk.hkdrustvo.hr\/index.php\/wp-json\/wp\/v2\/pages\/422","targetHints":{"allow":["GET"]}}],"collection":[{"href":"https:\/\/kpkk.hkdrustvo.hr\/index.php\/wp-json\/wp\/v2\/pages"}],"about":[{"href":"https:\/\/kpkk.hkdrustvo.hr\/index.php\/wp-json\/wp\/v2\/types\/page"}],"author":[{"embeddable":true,"href":"https:\/\/kpkk.hkdrustvo.hr\/index.php\/wp-json\/wp\/v2\/users\/1"}],"replies":[{"embeddable":true,"href":"https:\/\/kpkk.hkdrustvo.hr\/index.php\/wp-json\/wp\/v2\/comments?post=422"}],"version-history":[{"count":4,"href":"https:\/\/kpkk.hkdrustvo.hr\/index.php\/wp-json\/wp\/v2\/pages\/422\/revisions"}],"predecessor-version":[{"id":528,"href":"https:\/\/kpkk.hkdrustvo.hr\/index.php\/wp-json\/wp\/v2\/pages\/422\/revisions\/528"}],"wp:attachment":[{"href":"https:\/\/kpkk.hkdrustvo.hr\/index.php\/wp-json\/wp\/v2\/media?parent=422"}],"curies":[{"name":"wp","href":"https:\/\/api.w.org\/{rel}","templated":true}]}}