{"id":431,"date":"2025-10-30T10:07:27","date_gmt":"2025-10-30T10:07:27","guid":{"rendered":"https:\/\/kpkk.hkdrustvo.hr\/?page_id=431"},"modified":"2026-03-19T14:51:31","modified_gmt":"2026-03-19T14:51:31","slug":"blazekovic-tatjana-1918-2011","status":"publish","type":"page","link":"https:\/\/kpkk.hkdrustvo.hr\/index.php\/blazekovic-tatjana-1918-2011\/","title":{"rendered":"BLA\u017dEKOVI\u0106, Tatjana (1918. \u2013 2011.)"},"content":{"rendered":"<p><strong><b>BLA\u017dEKOVI\u0106, TATJANA, knji\u017eni\u010darka i anglistica (Osijek 1918. &#8211; Zagreb 2011.)<\/b><\/strong><\/p>\n<p>Godine 1940. na zagreba\u010dkom Filozofskom fakultetu diplomirala je engleski jezik i knji\u017eevnost te doktorirala na podru\u010dju anglistike 1957. godine. Tijekom \u00a0profesionalnog radnog vijeka uz primarnu knji\u017eni\u010darsku profesiju bavila se i prevo\u0111enjem. U knji\u017eni\u010darstvo je u\u0161la 1945. godine zapo\u0161ljavaju\u0107i se u Gradskoj knji\u017enici u Zagrebu. Me\u0111utim, ve\u0107 1947. godine biva premje\u0161tena u Rijeku, gdje djeluje u tada\u0161njoj Nau\u010dnoj biblioteci (danas Sveu\u010dili\u0161noj knji\u017enici) do umirovljenja, 1976. godine. Jedno od podru\u010dja kojim se bavila tijekom \u010ditavog profesionalnog vijeka bilo je prikupljanje i bibliografska obradba zavi\u010dajne zbirke \u201eFluminensia\u201c, aktivno istra\u017euju\u0107i kulturno-povijesnu ba\u0161tinu Istre, Rijeke i Hrvatskog Primorja. Velikim je dijelom zaslu\u017ena za otvaranje dvogodi\u0161njeg studija bibliotekarstva pri Pedago\u0161koj akademiji u Rijeci, gdje djeluje i kao profesorica, u razdoblju 1965. \u2013 1976. Godine. Nakon umirovljenja nastavlja raditi kao honorarna profesorica u Centru za postdiplomski studij bibliotekarstva, dokumentacije i informacijskih znanosti, zagreba\u010dkog Sveu\u010dili\u0161ta, osnovanom od strane Bo\u017ee Te\u017eaka, a od 1987. godine predaje na poslijediplomskom studiju informacijskih znanosti na Filozofskom fakultetu u Zagrebu. U struci je 1993. godine promaknuta u zvanje knji\u017eni\u010darske savjetnice, a 1994. godine \u00a0u znanstvenu savjetnicu. Uklju\u010dena je u zna\u010dajne strane biobibliografske izvore kao \u0161to su \u201eDictionary of International Biography\u201c \u00a0i \u00a0\u201eInternational Leaders in Achievement\u201c, te je primila niz nagrada i priznanja. Od samog po\u010detka rada u knji\u017enici aktivna je u Hrvatskom knji\u017eni\u010darskom dru\u0161tvu, a od kraja 60-ih godina 20. stolje\u0107a i u IFLI, gdje je jedan od osniva\u010da Sekcije za \u0161kolske knji\u017enice. Prilikom odlaska u mirovinu poklonila je svoju privatnu knji\u017enicu ustanovi u kojoj je ostavila neizbrisiv trag \u2013 Sveu\u010dili\u0161noj knji\u017enici u Rijeci.<\/p>\n<p>Najiscrpniji popis njenih radova, kao i izvora o njoj dan je u radu:<\/p>\n<p>Arh, Evgenija. Bibliografski opus Tatjane Bla\u017eekovi\u0107 \/\/ Knji\u017eni\u010dar\/ka:\u00a0\u010dasopis Knji\u017eni\u010darskog dru\u0161tva Rijeka\u00a0\u00a04, 4(2013), 42-59.<\/p>\n","protected":false},"excerpt":{"rendered":"<p>BLA\u017dEKOVI\u0106, TATJANA, knji\u017eni\u010darka i anglistica (Osijek 1918. &#8211; Zagreb 2011.) Godine 1940. na zagreba\u010dkom Filozofskom fakultetu diplomirala je engleski jezik i knji\u017eevnost te doktorirala na podru\u010dju anglistike 1957. godine. Tijekom \u00a0profesionalnog radnog vijeka uz primarnu knji\u017eni\u010darsku profesiju bavila se i prevo\u0111enjem. U knji\u017eni\u010darstvo je u\u0161la 1945. godine zapo\u0161ljavaju\u0107i se u Gradskoj knji\u017enici u Zagrebu. Me\u0111utim, [&hellip;]<\/p>\n","protected":false},"author":1,"featured_media":0,"parent":0,"menu_order":0,"comment_status":"closed","ping_status":"closed","template":"","meta":{"footnotes":""},"class_list":["post-431","page","type-page","status-publish","hentry"],"_links":{"self":[{"href":"https:\/\/kpkk.hkdrustvo.hr\/index.php\/wp-json\/wp\/v2\/pages\/431","targetHints":{"allow":["GET"]}}],"collection":[{"href":"https:\/\/kpkk.hkdrustvo.hr\/index.php\/wp-json\/wp\/v2\/pages"}],"about":[{"href":"https:\/\/kpkk.hkdrustvo.hr\/index.php\/wp-json\/wp\/v2\/types\/page"}],"author":[{"embeddable":true,"href":"https:\/\/kpkk.hkdrustvo.hr\/index.php\/wp-json\/wp\/v2\/users\/1"}],"replies":[{"embeddable":true,"href":"https:\/\/kpkk.hkdrustvo.hr\/index.php\/wp-json\/wp\/v2\/comments?post=431"}],"version-history":[{"count":6,"href":"https:\/\/kpkk.hkdrustvo.hr\/index.php\/wp-json\/wp\/v2\/pages\/431\/revisions"}],"predecessor-version":[{"id":509,"href":"https:\/\/kpkk.hkdrustvo.hr\/index.php\/wp-json\/wp\/v2\/pages\/431\/revisions\/509"}],"wp:attachment":[{"href":"https:\/\/kpkk.hkdrustvo.hr\/index.php\/wp-json\/wp\/v2\/media?parent=431"}],"curies":[{"name":"wp","href":"https:\/\/api.w.org\/{rel}","templated":true}]}}