{"id":442,"date":"2025-10-30T10:17:49","date_gmt":"2025-10-30T10:17:49","guid":{"rendered":"https:\/\/kpkk.hkdrustvo.hr\/?page_id=442"},"modified":"2025-10-31T06:41:33","modified_gmt":"2025-10-31T06:41:33","slug":"pavlinic-silva-1946-2006","status":"publish","type":"page","link":"https:\/\/kpkk.hkdrustvo.hr\/index.php\/pavlinic-silva-1946-2006\/","title":{"rendered":"PAVLINI\u0106, Silva (1946. \u2013 2006.)"},"content":{"rendered":"<p><strong>Biografija<\/strong><\/p>\n<p>Ro\u0111ena je 28. listopada 1946. godine u Osijeku gdje je zavr\u0161ila osnovnu i srednju \u0161kolu. Na Filozofskom fakultetu u Novom Sadu diplomirala je jugoslavenske knji\u017eevnosti 1972. godine. Kratko je vrijeme radila kao profesor knji\u017eevnosti na Gra\u0111evinskom \u0161kolskom centru u Osijeku, a zatim se preselila u Zagreb. Dopunski dvogodi\u0161nji studij knji\u017eni\u010darstva zavr\u0161ila je 1994. godine na Katedri za knji\u017eni\u010darstvo Filozofskog fakulteta u Zagrebu, a zvanje vi\u0161eg knji\u017eni\u010dara stekla je 2001. godine.<br \/>\nCijeli svoj radni vijek provela je u knji\u017eni\u010darskoj struci. Od 1973. do 1978. godine radila je u Gradskoj knji\u017enici Zagreb, prvo u mje\u0161ovitom posudbenom odjeljenju ogranka Ljubljanica Knji\u017enice Tre\u0161njevka, a zatim u tada\u0161njem Pionirskom odjelu. Godine 1978. godine vra\u0107a se u Osijek i zapo\u0161ljava u Gradskoj i sveu\u010dili\u0161noj knji\u017enici u koju donosi svoja zagreba\u010dka iskustva i zapo\u010dinje s provo\u0111enjem pedago\u0161ko-animatorskih aktivnosti s ciljem pribli\u017eavanja knjige i Knji\u017enice najmla\u0111im korisnicima, stvaranju \u010ditala\u010dkih navika i ljubavi prema knjizi kod djece i mladih te popularizaciji \u010ditanja.<br \/>\nPosebno se zalagala za uvo\u0111enje i razvijanje, tada novih, sljede\u0107ih oblika rada: organizacija susreta s piscima za djecu, ilustratorima dje\u010djih knjiga, predstavljanju novih knjiga, organizacija tematskih okruglih stolova o temama koje zanimaju mlade (o maloljetni\u010dkoj delikvenciji, ovisnosti, provo\u0111enju slobodnog vremena, o \u017eivotu u dje\u010djim domovima, o popularizaciji ozbiljne glazbe me\u0111u mladima i dr.) te organizacija i provo\u0111enje aktivnosti za najmla\u0111e: pri\u010danje i crtanje pri\u010da, priprema velikih tematskih izlo\u017ebi, organiziranje natjecanja u znanju, satova lektire. Sve su to aktivnosti po kojima je Dje\u010dji odjel Gradske i sveu\u010dili\u0161ne knji\u017enice Osijek i danas prepoznatljiv.<br \/>\nIzlazi i izvan knji\u017enice i u mjesnim zajednicama organizira susrete s djecom koja nisu obuhva\u0107ena sustavom pred\u0161kolskog odgoja. Niz godina je sudjelovala u radu \u017eirija na susretima novinarskih, literarnih, recitatorskih i dramskih dru\u017eina osnovnih \u0161kola op\u0107ine, kao i u radu \u017eirija natje\u010daja za najbolju kritiku o djelu poznatog pisca za djecu koji GISKO raspisuje od 1976. godine sve do po\u010detka Domovinskog rata, 1991. godine.<br \/>\nZa uspje\u0161an vi\u0161egodi\u0161nji dru\u0161tveni rad i doprinos unapre\u0111ivanju uvjeta za svestrani razvoj i odgoj djece dobila je 1986. godine priznanje Saveza dru\u0161tava \u201cNa\u0161a djeca\u201d.<br \/>\nVoditeljica Dje\u010djeg odjela bila je od 1979. do 1994. godine. U tekstu \u201cDje\u010dje odjeljenje kao sastavni dio narodne knji\u017enice\u201d, radnom materijalu iz 1984. godine napisala je: \u201cU dje\u010djem odjeljenju moraju raditi \u2026 ljudi koji vole djecu i posjeduju intuiciju za sve ono \u0161to je djeci blisko\u201d. A ona je imala, uz kreativnost i izvanredne organizacijske sposobnosti, ba\u0161 to i mnoga su osje\u010dka djeca zahvaljuju\u0107i upravo \u201cteti\u201d Silvi zavoljela knjige i \u010ditanje te ostala i kasnije redoviti korisnici knji\u017enice.<br \/>\nOsmislila je i realizirala aktivnost pod nazivom Informativni utorak, koju je provodila u okviru Dje\u010djeg odjela Knji\u017enice od 1982. godine. Svakog prvog utorka u mjesecu, i danas se okupljaju osnovno\u0161kolski knji\u017eni\u010dari. Na Informativnom utorku poti\u010de se odgojno-obrazovna funkcija \u0161kolske knji\u017enice, razmjenjuju iskustva s ciljem unapre\u0111ivanja knji\u017eni\u010dne djelatnosti, dogovara o pedago\u0161ko-animatorskim aktivnostima, pru\u017ea stru\u010dna pomo\u0107 u radu i vr\u0161i permanentno stru\u010dno osposobljavanje \u0161kolskih knji\u017eni\u010dara za rad u \u0161kolskoj knji\u017enici. U razdoblju obna\u0161anja funkcije voditelja Posudbenog odjela za odrasle, 1996. godine pokrenula i Informativne srijede, radovne sastanke srednjo\u0161kolskih knji\u017eni\u010dara.*<br \/>\nU prosincu 1988. postaje vr\u0161iteljica du\u017enosti ravnatelja Gradske i sveu\u010dili\u0161ne knji\u017enice Osijek i na tim poslovima ostaje do 1990. godine. Od 1993. do svoje prerane smrti 2006. godine voditeljica je Razvojne mati\u010dne slu\u017ebe. Izvrsnu suradnju koju je kao voditeljica Dje\u010djeg odjela uspostavila s osnovno\u0161kolskim knji\u017eni\u010darima i nastavnicima, pro\u0161irila je i na sve knji\u017eni\u010dare u Osijeku i Osje\u010dko-baranjskoj \u017eupaniji. Uz Informativni utorak, odnosno Informativnu srijedu, organizirala je brojne stru\u010dne seminare i savjetovanja za knji\u017eni\u010dare narodnih i \u0161kolskih knji\u017enica. Posebno se zalagala za ustroj dje\u010djih odjela u narodnim knji\u017enicama, osamostaljivanje knji\u017enica, odnosno njihovo izdvajanje iz centara za kulturu, unapre\u0111ivanje \u0161kolskog knji\u017eni\u010darstva, dono\u0161enje novog Zakona o knji\u017enicama, informatizaciju knji\u017enica i dr. Svoje znanje i bogato iskustvo prenosila je i na studente knji\u017eni\u010darstva. Kada je akademske godine 1998.\/99. na Pedago\u0161kom fakultetu upisana prva generacija studenata studija Knji\u017eni\u010darstvo i hrvatski jezik i knji\u017eevnost, kao vrsni stru\u010dnjak Silva Pavlini\u0107 imenovana je vanjskim suradnikom &#8211; glavnim mentorom za provo\u0111enje studentske prakse.<br \/>\nPosve\u0107ivala je veliku pozornost stru\u010dnom usavr\u0161avanju. Sudjelovala je na mnogim doma\u0107im i inozemnim stru\u010dnim skupovima. Objavila je niz radova iz podru\u010dja narodnog i \u0161kolskog knji\u017eni\u010darstva u stru\u010dnim knji\u017eni\u010darskim \u010dasopisima &#8211; Knjiga i \u010ditaoci, Vjesniku bibliotekara Hrvatske, Hr\u010dku, HKD Novostima, Zbornicima Proljetne \u0161kole \u0161kolskih knji\u017eni\u010dara, Knji\u017eni\u010darstvu kojega je bila glavna urednica od 2002. do 2006. godine. Potaknula je izdavanje spomenice Dru\u0161tva knji\u017eni\u010dara Slavonije i Baranje.<br \/>\nU Hrvatskom knji\u017eni\u010darskom dru\u0161tvu, odnosno Dru\u0161tvu knji\u017eni\u010dara Slavonije i Baranje aktivno je djelovala od samog po\u010detka svog rada u knji\u017enici. Bila je \u010dlanica Upravnog odbora Dru\u0161tva knji\u017eni\u010dara Slavonije i Baranje u nekoliko mandata, predsjednica Sekcije za \u0161kolske knji\u017enice, tajnica Dru\u0161tva te njegova predsjednica od 1998. do 2002. godine. Bila je \u010dlanica Komisije za \u0161kolske knji\u017enice i Komisije za narodne knji\u017enice HKD-a. U ovom razdoblju bila je i \u010dlan republi\u010dkog Povjerenstva za nakladni\u0161tvo i otkup knjiga, a od 2002. do 2006. godine i \u010dlan Hrvatskog knji\u017eni\u010dnog vije\u0107a.<br \/>\nSvojim radom dala je veliki doprinos razvoju knji\u017eni\u010darske struke i knji\u017eni\u010darstva na podru\u010dju Slavonije i Baranje, ali i Hrvatske, zbog \u010dega je 2000. godine na 32. redovnoj skup\u0161tini HKD-a u Lovranu nagra\u0111ena Kukuljevi\u0107evom poveljom, najzna\u010dajnijim knji\u017eni\u010darskom nagradom, a 2008. u Iloku na 16. redovnoj skup\u0161tini Dru\u0161tva knji\u017eni\u010dara Slavonije i Baranje posthumno joj je dodijeljena Povelja Marija Malba\u0161a.<br \/>\nI kako je to Ljubica Radman napisala: \u201cSilva je bila jedinstvena! Svima draga zahvaljuju\u0107i svojoj srda\u010dnosti, komunikativnosti, otvorenosti, iskrenosti, po\u0161tenju i spremnosti da posavjetuje, pomogne svakom kadgod je to trebalo. Poznavala je sve knji\u017eni\u010dare s na\u0161eg podru\u010dja, ali i mnoge s podru\u010dja cijele Hrvatske me\u0111u kojima je stekla veliki broj prijatelja. \u201d I nju su poznavali mnogi i uspje\u0161no su s njom sura\u0111ivali.<br \/>\nGodine 2005. izabrana je za predsjednicu Kulturnog vije\u0107a Grada Osijeka, no \u010detverogodi\u0161nji mandat nije uspjela odraditi. Umrla je u snu, nakon petogodi\u0161nje borbe sa zlo\u0107udnom bolesti, 7. srpnja 2006. godine.<\/p>\n<p>*Krpeljevi\u0107, Ljiljana; Mokri\u0161, Svjetlana. Povijesni pregled djelovanja mati\u010dne slu\u017ebe u Gradskoj i sveu\u010dili\u0161noj knji\u017enici Osijek. \/\/ Knji\u017eni\u010darstvo 20, 1 (2016), str. 24.<\/p>\n<p><strong>Bibliografija<\/strong><\/p>\n<p>Pavlini\u0107, Silva. Iskustva u suradnji odjeljenja za djecu Gradske knji\u017enice Osijek sa \u0161kolskim knji\u017enicama. \/\/ Informativni bilten Kulturno-prosvjetnog sabora Hrvatske 1 (1986), str. 22-23.<br \/>\nPavlini\u0107, Silva; Vuki\u0107, Lidija. Dr. Pavle Bla\u017eek (1930-1988). \/\/ Vjesnik bibliotekara Hrvatske 31, 1\/4 (1988), str. 239-240.<br \/>\nPavlini\u0107, Silva; Boli\u0107, Marija. Nada Bojani\u0107. \/\/ Vjesnik bibliotekara Hrvatske 35, 3\/4 (1992), str. 196-197.<br \/>\nPavlini\u0107, Silva; Boli\u0107, Marija. Zora Stani\u0107. \/\/ Vjesnik bibliotekara Hrvatske 37, 3\/4 (1994), str. 217.<br \/>\nPavlini\u0107, Silva. \u0160kolski knji\u017eni\u010dar u suvremenoj \u0161kolskoj knji\u017enici. \/\/ Zbornik radova \/ [6.] proljetna \u0161kola \u0161kolskih knji\u017eni\u010dara Republike Hrvatske, Crikvenica,1994.; urednik izdanja Vi\u0161nja \u0160eta. Zagreb: Ministarstvo prosvjete i \u0161porta Republike Hrvatske; Rijeka: Prva su\u0161a\u010dka hrvatska gimnazija u Rijeci, 1995. Str. 161-162.<br \/>\nPavlini\u0107, Silva. Marija Malba\u0161a (1909-1995). \/\/ Vjesnik bibliotekara Hrvatske 38, 1\/4 (1995), str. 133.<br \/>\nPavlini\u0107, Silva. DB Slavonije i Baranje. \/\/ HBD Novosti 5 (listopad 1994.- velja\u010da 1995.), str. 5.<br \/>\nPavlini\u0107, Silva. Crikvenica \u2013 deveta godina velikog stru\u010dnog skupa \u0161kolskih knji\u017eni\u010dara Hrvatske \/\/ Knji\u017eni\u010darstvo 1, 2 (1997), str. 19-20.<br \/>\nPavlini\u0107, Silva. Mr. sc. Vera Erl dobitnica \u201eKukuljevi\u0107eve povelje\u201c \/\/ Knji\u017eni\u010darstvo 1, 1 (1997), str. 114.<br \/>\nPavlini\u0107, Silva. Za\u0161to DA za Proljetnu \u0161kolu \u0161kolskih knji\u017eni\u010dara u Crikvenici \/\/ Knji\u017eni\u010darstvo 1, 1 (1997), str. 112-113.<br \/>\nPavlini\u0107, Silva; Horvat, Jasna. Koncipiranje anketnog upitnika za istra\u017eivanje korisnika Gradske i sveu\u010dili\u0161ne knji\u017enice Osijek. \/\/ Vjesnik bibliotekara Hrvatske 40, 3\/4 (1997), str. 61-67.<br \/>\nPavlini\u0107, Silva; Horvat, Jasna; \u0160arlija, Nata\u0161a. Koncipiranje anketnog upitnika za istra\u017eivanje korisnika narodnih knji\u017enica [sa\u017eetak]. \/\/ Zbornik radova \/ Me\u0111unarodno savjetovanje Narodne knji\u017enice izazov promjena, Lovran, 1997.; urednice Marija \u0160egota-Novak, Vesna Tur\u010din. Rijeka: Gradska biblioteka; Zagreb: Hrvatsko bibliotekarsko dru\u0161tvo, 1997. Str. 107-108.<br \/>\nPavlini\u0107, Silva. Dru\u0161tvo knji\u017eni\u010dara Slavonije i Baranje danas i budu\u0107a mogu\u0107a suradnja s Dru\u0161tvom knji\u017eni\u010dara Pe\u010duha i Baranje. \/\/ Knji\u017eni\u010darstvo 2, 1 (1998), str. 68-73.<br \/>\nPavlini\u0107, Silva. Dru\u0161tvo knji\u017eni\u010dara Slavonije i Baranje. \/\/ HBD Novosti 11 (srpanj1998), str. 6-7.<br \/>\nPavlini\u0107, Silva. Gradska knji\u017enica kao sredi\u0161njica suvremene teritorijalne mre\u017ee u odnosu na ostale knji\u017eni\u010dne jedinice u mre\u017ei \u2013 rami\u0161ljanja za Osje\u010dko-baranjsku \u017eupaniju (Me\u0111unarodno savjetovanje &#8220;Knji\u017enice europskih gradova u 21. stolje\u0107u&#8221;, Vara\u017edin, 4.-7. XI. 1998.). \/\/ Godi\u0161njak Gradske knji\u017enice i \u010ditaonice &#8220;Metel O\u017eegovi\u0107&#8221; Vara\u017edin 2 (1998), str. 80-87.<br \/>\nPavlini\u0107, Silva. Nada Heil (1913.-1998.). \/\/ Vjesnik bibliotekara Hrvatske 41, 1-4 (1998), str. 284.<br \/>\nPavlini\u0107, Silva; Horvat, Jasna. Istra\u017eivanje potreba korisnika Gradske i sveu\u010dili\u0161ne knji\u017enice Osijek. \/\/ Vjesnik biblotekara Hrvatske 41, 1-4 (1998), str. 41-60.<br \/>\nPavlini\u0107, Silva. In memoriam: Nada Heil (1913.-1998.) \/\/ Knji\u017eni\u010darstvo 2, 2 (1998), str. 128.<br \/>\nPavlini\u0107, Silva. Jubilarna (10.) proljetna \u0161kola \u0161kolskih knji\u017eni\u010dara Crikvenica 14.-17. svibnja 1998. \/\/ Knji\u017eni\u010darstvo 2, 1 (1998), str. 76-78.<br \/>\nPavlini\u0107, Silva. Kukuljevi\u0107eva povelja i nagrada Eva Verona mr. sc. Ljubi Radman i Korneliji Petr \/\/ Knji\u017eni\u010darstvo 2, 2 (1998), str. 125-127.<br \/>\nPavlini\u0107, Silva. Mre\u017ea narodnih knji\u017enica Osje\u010dko-baranjske \u017eupanije : stanje i perspektive \/\/ Knji\u017eni\u010darstvo 2, 1 (1998), str. 29-35.<br \/>\nHorvat, Jasna; Pavlini\u0107, Silva. Pouzdanost upitnika za istra\u017eivanje potreba korisnika Gradske i sveu\u010dili\u0161ne knji\u017enice Osijek. \/\/ Ekonomski vjesnik: \u010dasopis Ekonomskog fakulteta u Osijeku 11, 1\/2 (1998 [i.e. 2000]), str. 49-61.<br \/>\nPavlini\u0107, Silva. [Izvanredna skup\u0161tina Dru\u0161tva knji\u017eni\u010dara Slavonije i Baranje, 7. travnja 1999.]. \/\/ HKD Novosti 13 (listopad 1999), str. 5-6.<br \/>\nPavlini\u0107, Silva. [Od 16. do 18. studenog 1998. u Pore\u010du je odr\u017ean (&#8230;) skup &#8220;Arhivi, knji\u017enice i muzeji&#8221;]. \/\/ HKD Novosti 12 (o\u017eujak 1999), str. 25-26.<br \/>\nPavlini\u0107, Silva. [Stru\u010dni seminar pod nazivom Revizija, otpis i za\u0161tita gra\u0111e u knji\u017enicama]. \/\/ HKD Novosti 13 (listopad 1999), str. 14.<br \/>\nPavlini\u0107, Silva. O radu s knji\u017eni\u010darima osnovnih i srednjih \u0161kola Osje\u010dko-baranjske \u017eupanije \/\/ Knji\u017eni\u010darstvo 3, 1-2 (1999), str. 119-123.<br \/>\nPavlini\u0107, Silva. Odjeci Proljetne \u0161kole \u0161kolskih knji\u017eni\u010dara u Crikvenici u Osje\u010dko-baranjskoj \u017eupaniji. \/\/ Zbornik radova \/ 10. proljetna \u0161kola \u0161kolskih knji\u017eni\u010dara Republike Hrvatske, Crikvenica, 1998. Zagreb: Ministarstvo prosvjete i \u0161porta Republike Hrvatske; Rijeka: Prva su\u0161a\u010dka hrvatska gimnazija u Rijeci, 1999. Str. 33-37.<br \/>\nPavlini\u0107, Silva. Osvrt na boravak u Koprivnici. \/\/ Knji\u017eni\u010darstvo 3, 1-2 (1999), str. 112-113.<br \/>\nPavlini\u0107, Silva. [Izvanredna skup\u0161tina Dru\u0161tva knji\u017eni\u010dara Slavonije i Baranje, 7. travnja 1999.]. \/\/ HKD Novosti 13 (listopad 1999), str. 5-6.<br \/>\nPavlini\u0107, Silva. [Od 16. do 18. studenog 1998. u Pore\u010du je odr\u017ean (&#8230;) skup &#8220;Arhivi, knji\u017enice i muzeji&#8221;]. \/\/ HKD Novosti 12 (o\u017eujak 1999), str. 25-26.<br \/>\nPavlini\u0107, Silva. [Stru\u010dni seminar pod nazivom Revizija, otpis i za\u0161tita gra\u0111e u knji\u017enicama]. \/\/ HKD Novosti 13 (listopad 1999), str. 14.<br \/>\nPavlini\u0107, Silva. O radu s knji\u017eni\u010darima osnovnih i srednjih \u0161kola Osje\u010dko-baranjske \u017eupanije \/\/ Knji\u017eni\u010darstvo 3, 1-2 (1999), str. 119-123.<br \/>\nPavlini\u0107, Silva. Odjeci Proljetne \u0161kole \u0161kolskih knji\u017eni\u010dara u Crikvenici u Osje\u010dko-baranjskoj \u017eupaniji. \/\/ Zbornik radova \/ 10. proljetna \u0161kola \u0161kolskih knji\u017eni\u010dara Republike Hrvatske, Crikvenica, 1998. Zagreb: Ministarstvo prosvjete i \u0161porta Republike Hrvatske; Rijeka: Prva su\u0161a\u010dka hrvatska gimnazija u Rijeci, 1999. Str. 33-37.<br \/>\nPavlini\u0107, Silva. Osvrt na boravak u Koprivnici. \/\/ Knji\u017eni\u010darstvo 3, 1-2 (1999), str. 112-113.<br \/>\nPavlini\u0107, Silva. \u010citanje i o \u010ditanju u Osijeku : Stru\u010dno savjetovanje i 5. godi\u0161nja skup\u0161tina Hrvatskog \u010ditateljskog dru\u0161tva : osvrt na skup\u0161tinu i prikaz savjetovanja \/\/ Hr\u010dak 8-9 (2000), str. 2-4.<br \/>\nPavlini\u0107, Silva. 12. proljetna \u0161kola \u0161kolskih knji\u017eni\u010dara, Crikvenica, 17.-20. svibnja 2000. \/\/ Knji\u017eni\u010darstvo 4, 1-2 (2000), str. 103-113.<br \/>\nPavlini\u0107, Silva. Dru\u0161tvo knji\u017eni\u010dara Slavonije i Baranje. \/\/ Hrvatsko knji\u017eni\u010darsko dru\u0161tvo: 14. III. 1940.-14. III. 2000.: spomenica. Zagreb: Hrvatsko knji\u017eni\u010darsko dru\u0161tvo, 2000. Str. 64-66.<br \/>\nPavlini\u0107, Silva. H\u010cD [Hrvatsko \u010ditateljsko dru\u0161tvo]. \/\/ HKD Novosti 14 (svibanj 2000), str. 14.<br \/>\nPavlini\u0107, Silva. U povodu obilje\u017eavanja 150. obljetnice Narodne \u010ditaonice rije\u010dke i 70. obljetnice Gradske biblioteke Su\u0161ak. \/\/ Knji\u017eni\u010darstvo 4, 1-2 (2000), str. 114-115.<br \/>\nPavlini\u0107, Silva. Iz rada Dru\u0161tva knji\u017eni\u010dara Slavonije i Baranje. \/\/ HKD Novosti 17 (listopad 2001), str. 11.<br \/>\nPavlini\u0107, Silva. Konferencija Strategija kulturnog razvitka Republike Hrvatske. \/\/ HKD Novosti 16 (lipanj 2001), str. 25-26.<br \/>\nPavlini\u0107, Silva. \u0160kolski knji\u017eni\u010dari Osje\u010dko-baranjske \u017eupanije; Seminar za korisnike CROLIST-a u Osijeku. \/\/ HKD Novosti 18 (prosinac 2001), str. 10.<br \/>\nPavlini\u0107. Silva. Osje\u010dko-baranjska \u017eupanija: Narodna knji\u017enica Dalj, Narodna knji\u017enica Donji Miholjac, \u017dupanijska mati\u010dna slu\u017eba Gradske i sveu\u010dili\u0161ne knji\u017enice Osijek. \/\/ HKD Novosti 17 (listopad 2001), str. 14-15.<br \/>\nKrpeljevi\u0107, Ljiljana ; Pavlini\u0107, Silva. KD Slavonije i Baranje. \/\/ HKD Novosti 15 (velja\u010da 2001), str. 7.<br \/>\nPavlini\u0107, Silva. 15. proljetna \u0161kola \u0161kolskih knji\u017eni\u010dara Republike Hrvatske, Novi Vinodolski, 23.-26. travnja 2003. \/\/ Knji\u017eni\u010darstvo 7, 1\/2 (2003), str. 106-114.<br \/>\nPavlini\u0107, Silva. 15. Proljetna \u0161kola \u0161kolskih knji\u017eni\u010dara Repulike Hrvatske, Novi Vinodolski, 23.-26. travnja 2003. \/\/ Knji\u017eni\u010darstvo 7, 1-2 (2003), str. 106-114.<br \/>\nPavlini\u0107, Silva. Okrugli stol &#8220;Nove tehnologije i usluge u pokretnim knji\u017enicama (Osijek, Gradska i sveu\u010dili\u0161na knji\u017enica, 12. svibnja 2003.). \/\/ HKD Novosti 22-23 (lipanj 2003), str. 43-44.<br \/>\nPavlini\u0107, Silva. Okrugli stol Nove tehnologije i usluge u pokretnim knji\u017enicama (Osijek, 12. svibnja 2003.). \/\/ HKD Novosti 24 (studeni 2003), str. 35.<br \/>\nPavlini\u0107, Silva; Pa\u0111en Farka\u0161, Dubravka. &#8220;Pri\u010da bez kraja&#8221; za ni\u017eu osnovnu \u0161kolu. \/\/ Zbornik radova \/ 14. proljetna \u0161kola \u0161kolskih knji\u017eni\u010dara Republike Hrvatske, Crikvenica, 24.-27. travnja 2002. Rijeka: Ministarstvo prosvjete i \u0161porta Republike Hrvatske, Zavod za unapre\u0111ivanje \u0161kolstva: Prva su\u0161a\u010dka hrvatska gimnazija u Rijeci, 2003. Str. 160-162.<br \/>\nPavlini\u0107, Silva. 16. proljetna \u0161kola \u0161kolskih knji\u017eni\u010dara, Novi Vinodolski, 14.-17. travnja 2004. godine. \/\/ Knji\u017eni\u010darstvo: glasnik Dru\u0161tva knji\u017eni\u010dara Slavonije i Baranje 8, 1 (2004 [i.e. 2006]), str. 244-256.<br \/>\nPavlini\u0107, Silva. Nagrada &#8220;Eva Verona&#8221; Renati Bo\u0161njakovi\u0107. \/\/ Knji\u017eni\u010darstvo 8, 1 (2004 [i. e. 2006]), str. 258-259.<br \/>\nPavlini\u0107, Silva. Narodne knji\u017enice i problemi dru\u0161tvene isklju\u010denosti \u2013 stru\u010dni skup u povodu obilje\u017eavanja 160 godina Ilirske \u010ditaonice u Osijeku (Osijek, 27. studeni 2003.). \/\/ HKD Novosti 25 (o\u017eujak 2004), str. 25-26.<br \/>\nPavlini\u0107, Silva. Obnovljen rad Hrvatskoga \u010ditateljskog dru\u0161tva u Osijeku. \/\/ Hr\u010dak 22 (prosinac 2004), str. 5.<br \/>\nPavlini\u0107, Silva. Seminar Obrada neknji\u017ene gra\u0111e za knji\u017eni\u010dare \u0161kolskih i narodnih knji\u017enica Osje\u010dko-baranjske \u017eupanije (Osijek, 14, sije\u010danj 2004.). \/\/ HKD Novosti 25 (o\u017eujak 2004), str. 28-29.<br \/>\nPavlini\u0107, Silva. Stru\u010dni seminar Revizija i preventivna za\u0161tita knji\u017eni\u010dne gra\u0111e (Osijek, 30. travanj 2004.). \/\/ HKD Novosti 26 (srpanj 2004), str. 36.<br \/>\nPavlini\u0107, Silva. Stru\u010dni skup knji\u017eni\u010dara osnovnih i srednjih \u0161kola. \/\/ HKD Novosti 25 (o\u017eujak 2004), str. 26.<br \/>\nPavlini\u0107, Silva. Stru\u010dni skup knji\u017eni\u010dara osnovnih i srednjih \u0161kola Osje\u010dko-baranjske \u017eupanije (Osijek, 6. travanj 2004.). \/\/ HKD Novosti 26 (srpanj 2004), str. 34.<br \/>\nPavlini\u0107, Silva. Stru\u010dni seminar za knji\u017eni\u010dne djelatnike Osje\u010dko-baranjske \u017eupanije. \/\/ HKD Novosti 28 (o\u017eujak 2005), str. 32.<br \/>\nPavlini\u0107, Silva; \u010crnjar, Ljiljana. Narodne i \u0161kolske knji\u017enice Primorsko-goranske \u017eupanije: pogled \u017eupanijske mati\u010dne slu\u017ebe. Rijeka: Gradska knji\u017enica Rijeka, 2005. [prikaz]. \/\/ HKD Novosti 30 (listopad 2005), str. 49-50.<\/p>\n<p><strong>Izvori<\/strong><\/p>\n<p>Krpeljevi\u0107, Ljiljana; Mokri\u0161, Svjetlana. Knji\u017eni\u010dari velikim slovima : hommage. \/\/ Zanimanje: knji\u017eni\u010dar : zbornik radova \/ 3. stru\u010dni skup s me\u0111unarodnim sudjelovanjem, Kne\u017eevi Vinogradi, 9. studenoga 2018. Str. 9-19.<br \/>\nKatalenac, Dragutin; Radman, Ljubica. Silva Pavlini\u0107: 1946.-2006. \/\/ Vjesnik bibliotekara Hrvatske, 49, 3-4 (2006), str. 294-295.<br \/>\nRadman, Ljubica. In memoriam: Silva Pavlini\u0107 : 28.X.1946. \u2013 7.VII.2006. \/\/ Knji\u017eni\u010darstvo 9-10, 1-2 (2005.-2006.), str. 167-168.<br \/>\nKrpeljevi\u0107, Ljiljana. Prof. Silva Pavlini\u0107 dobitnica \u201eKukuljevi\u0107eve povelje\u201c \/\/ Knji\u017eni\u010darstvo 4, 1 (2000), str. 116-117.<\/p>\n<p>&nbsp;<\/p>\n","protected":false},"excerpt":{"rendered":"<p>Biografija Ro\u0111ena je 28. listopada 1946. godine u Osijeku gdje je zavr\u0161ila osnovnu i srednju \u0161kolu. Na Filozofskom fakultetu u Novom Sadu diplomirala je jugoslavenske knji\u017eevnosti 1972. godine. Kratko je vrijeme radila kao profesor knji\u017eevnosti na Gra\u0111evinskom \u0161kolskom centru u Osijeku, a zatim se preselila u Zagreb. Dopunski dvogodi\u0161nji studij knji\u017eni\u010darstva zavr\u0161ila je 1994. godine [&hellip;]<\/p>\n","protected":false},"author":1,"featured_media":0,"parent":0,"menu_order":0,"comment_status":"closed","ping_status":"closed","template":"","meta":{"footnotes":""},"class_list":["post-442","page","type-page","status-publish","hentry"],"_links":{"self":[{"href":"https:\/\/kpkk.hkdrustvo.hr\/index.php\/wp-json\/wp\/v2\/pages\/442","targetHints":{"allow":["GET"]}}],"collection":[{"href":"https:\/\/kpkk.hkdrustvo.hr\/index.php\/wp-json\/wp\/v2\/pages"}],"about":[{"href":"https:\/\/kpkk.hkdrustvo.hr\/index.php\/wp-json\/wp\/v2\/types\/page"}],"author":[{"embeddable":true,"href":"https:\/\/kpkk.hkdrustvo.hr\/index.php\/wp-json\/wp\/v2\/users\/1"}],"replies":[{"embeddable":true,"href":"https:\/\/kpkk.hkdrustvo.hr\/index.php\/wp-json\/wp\/v2\/comments?post=442"}],"version-history":[{"count":2,"href":"https:\/\/kpkk.hkdrustvo.hr\/index.php\/wp-json\/wp\/v2\/pages\/442\/revisions"}],"predecessor-version":[{"id":453,"href":"https:\/\/kpkk.hkdrustvo.hr\/index.php\/wp-json\/wp\/v2\/pages\/442\/revisions\/453"}],"wp:attachment":[{"href":"https:\/\/kpkk.hkdrustvo.hr\/index.php\/wp-json\/wp\/v2\/media?parent=442"}],"curies":[{"name":"wp","href":"https:\/\/api.w.org\/{rel}","templated":true}]}}